3
What is the thousands digit of (-39952)/40*-5 + 0/1?
4
Suppose -5*m = -3*u + 173, -u + 4 = -2*u. Let f be 4/(-6) + 102/(-9). Let g = f - m. What is the tens digit of g?
2
Suppose -58*o = -60*o + 12. What is the tens digit of o/(-15) - 2088/(-20)?
0
Let j(r) = r**3 - r. Let o be j(0). Let w = 5 + o. Suppose 70 = w*f - 0*f. What is the units digit of f?
4
Suppose 0 = z - 4*p - 19, -5*z + 2*z = -3*p - 21. What is the units digit of z/((-15)/(-470)) + 0?
4
Let t(a) = -a + 1. Let s be t(-2). Suppose 0 = -3*z + 3, -s*w - 4*z + 12 = -4. Suppose -140 = -4*r + w. What is the tens digit of r?
3
What is the tens digit of (-121)/(-6 - (-119)/21)?
6
Let i(k) = -k**2 - 3*k - 4. Let v be i(-3). Let h be 111/6*(14 + v). Suppose -j + 14 = -5*b, -2*b = -5*j - 0*b + h. What is the tens digit of j?
3
Suppose 0 = i - 1150 + 123. What is the units digit of i?
7
Let o = -69 + 136. Let s = 199 - o. What is the hundreds digit of s?
1
Let d be (28/10)/(-5*10/(-125)). Suppose -1143 = -5*p - w, 4*p + 5*w = d*w + 906. What is the units digit of p?
8
Suppose 0*q + 3*q = -102. Let j = 93 + q. What is the tens digit of j?
5
Let i = 986 - 577. What is the units digit of i?
9
Let l(h) = -325*h - 44. What is the units digit of l(-3)?
1
Let f be 8 + -4 - -1*2/2. What is the units digit of (10/f + -3)*-10?
0
Let w = -648 + 972. What is the units digit of w?
4
Suppose 0 = -10*a + 9*a + 34. Let d = 163 - a. What is the units digit of d?
9
Let a(c) = -c + 8. Let m be a(4). Suppose -5*u - 2 - 22 = 4*g, 0 = m*u. What is the units digit of (-2)/g - 462/(-18)?
6
Let m(g) = 2*g**3 + 4*g**2 - 4*g - 4. Let u be m(-4). Let t = 9 - u. Suppose -2*i = -t - 1. What is the tens digit of i?
3
Suppose 4*a - 841 = -3*p, 6*p - 4*a = 2*p + 1168. What is the tens digit of p?
8
Let w(g) = g**3 + 10*g**2 + 24*g + 24. Let h(s) = s**3 + 10*s**2 + 23*s + 24. Let f(i) = -7*h(i) + 6*w(i). What is the hundreds digit of f(-10)?
1
Let a(u) = u**2 + 21*u + 34. Let k be a(-21). What is the hundreds digit of (k/3)/(10/135) + -4?
1
Suppose 7*y - 5*y - 4 = 0. Suppose -h - 4*h + 93 = 4*a, 0 = a - y. What is the tens digit of h?
1
What is the hundreds digit of (-2)/12 + (-120743)/(-282)?
4
Suppose 0 = -6*i + 37 + 53. Suppose 3*z = -2*z + i. What is the units digit of z?
3
Suppose -5*t - 10 = 0, -82 = -3*m + 5*m + 2*t. Let a = m - -70. Let y = a - 8. What is the tens digit of y?
2
Suppose q + 33 = 3*q + 5*h, 5*h = 5*q + 5. Suppose 4*s - 57 = -5*j, -q*j - 2*s + 70 = 28. What is the units digit of j?
9
Suppose 3*o - 9*h = -5*h + 4593, 5*o - 4*h - 7663 = 0. What is the tens digit of o?
3
Let j(g) = 3*g - 18. Let i be j(6). Suppose -h = -i - 5. Suppose -h*q + 166 = -n, n = 4*q + 2*n - 131. What is the units digit of q?
3
Let p(v) = -8*v + v + 33 - 63. What is the hundreds digit of p(-19)?
1
Let t(w) = 7*w**2 + w + 2. Let k be t(-1). Suppose k = -5*z - 22. Let q = z + 45. What is the units digit of q?
9
Let t be (-16)/(-3 + 22/6). Let z = t - -15. What is the units digit of 54/8 + z/(-36)?
7
Let q = 580 + -117. What is the hundreds digit of q?
4
Let o(n) = -n**3 + 5*n**2 - 4. Let y be o(5). Let g be -1 - (6/(-2) + y). Suppose 0 = 5*q + g + 9, -3*q - 69 = -3*z. What is the units digit of z?
0
Let u = -111 - 9. What is the units digit of (-78)/9*u/16?
5
Let s = 22 - 39. What is the units digit of (-7)/28 + s/(-4)?
4
Let f = 4496 + -1889. What is the tens digit of f?
0
Suppose 0 = 5*h + 4*k - 1 + 9, 0 = 3*k + 6. Suppose h*u + 33 = 2*u + 5*v, 3*v = -2*u + 23. Suppose -6*g + u*g = -36. What is the tens digit of g?
1
Let z(b) = -2*b**3 - b**2 + 2*b - 4. Let h be z(-3). Suppose -d - h = -218. What is the units digit of d?
3
Suppose 242 = 33*g - 715. What is the tens digit of g?
2
Suppose -6*x + x = 3*q + 19, 5*q + 5*x = -15. Let o = 5 + 105. Suppose -o = -5*h - 5*d, 7*h - q*h = 4*d + 119. What is the units digit of h?
3
Suppose -491 = -5*r + 204. Suppose 2*j - r = -4*c - 49, -2*j + 5*c + 54 = 0. What is the units digit of j?
7
Let w(t) = t**3 + 2*t**2 - 3*t + 513. What is the units digit of w(0)?
3
Let n = 4 - -26. What is the units digit of 1/3*(9 - 7)*n?
0
Suppose 0 = -m - 3*m. Let n = m + -4. What is the units digit of (n/(-7))/((-4)/(-28))?
4
Let w = 525 - 327. Let h = -130 + w. What is the units digit of h?
8
Suppose 2*d + 5 = -3*j, j - 21 = -d + 6*d. What is the units digit of 81*2/3 - j?
3
Let v(o) = -42*o + 71. What is the units digit of v(-10)?
1
Suppose -3*j - 2 = 7. Let m(n) = n**3 + 4*n**2 - 4. Let x be m(-3). Let z = x - j. What is the units digit of z?
8
Let k(o) be the third derivative of -1/60*o**5 + 3/4*o**4 + 0 + 9*o**2 + 0*o - 5/2*o**3. What is the units digit of k(9)?
6
Suppose 0 = -3*d + 3*o + 537, -702 = -2*d - 2*d - 3*o. Suppose -4*q = -3*p - 689, 2*q = q - 4*p + d. What is the tens digit of q?
7
Suppose -t + 3*t = 5*m - 9390, 0 = m + t - 1871. What is the tens digit of m?
7
Let m(s) = -s**2 + 11*s. Let d be m(2). What is the units digit of d/(-45)*(-46 + 1)*6?
8
Let t be 12/10*(-80)/(-24). Suppose t*k - k = 399. What is the units digit of k?
3
Suppose -50*z - 4*y + 2284 = -47*z, 4*z + 4*y = 3048. What is the hundreds digit of z?
7
Suppose -32 = 5*w + 4*u - 180, w - 2*u = 38. Let d = w + 52. What is the units digit of d?
4
Let c(s) = -s**2 - 3*s - 1. Let f be 4/(-6) + (-49)/21. Let m be c(f). What is the units digit of (44/(-6))/(m/3)?
2
Let u(r) = 11*r**2 + 8*r + 3. Let q(y) = 4*y**2 + 3*y + 1. Let n be (-2)/8 - (-207)/12. Let b(g) = n*q(g) - 6*u(g). What is the units digit of b(3)?
6
What is the units digit of 17000/17 - 4/((-1)/1)?
4
Let o be ((-8)/(-12))/((-2)/(-12)). Suppose -3 = -2*a + a + 5*p, o*a = p + 12. What is the tens digit of (a + -2)/((-2)/(-34))?
1
What is the tens digit of ((-8)/(-10) + (-6)/(-5))*583?
6
What is the tens digit of (4654/26)/(1/1)?
7
Let o(s) = s + 51. Let t be o(0). Let d(w) = 13*w - 12. Let c be d(-1). Let r = t - c. What is the tens digit of r?
7
Let n be -25 + 1*(-1)/1. Suppose -r = -2*r + 44. Let a = n + r. What is the units digit of a?
8
Suppose 3*t + 6*u - 10 = u, 3*t = -3*u + 12. Let s = 11 - t. Suppose s*q - 50 = q. What is the tens digit of q?
1
What is the tens digit of (-8 - (-102)/24)*44/(-1)?
6
Suppose 5*z - 4*a = 12 + 38, 0 = 5*z + 4*a - 10. What is the units digit of (-4)/z + (484/3)/11?
4
Let x(o) = -o - 216. Let r be x(0). Let q = -143 - r. What is the units digit of q?
3
Let h = -8 - -45. Let s = h + -17. What is the tens digit of s?
2
Suppose -41*g - 6*g = -161539. What is the units digit of g?
7
Let x(o) = 2*o + 47. Let v be x(-19). Suppose 4*d = -a + 32, -10*a + 50 = -v*a - 2*d. What is the units digit of a?
4
What is the hundreds digit of 1591/4 - 34/(-136)?
3
Suppose 3*k + 3*u = -366, -3*k - 6*u + u = 358. Suppose 3*g + 155 = -58. Let r = g - k. What is the tens digit of r?
5
Suppose -3 + 15 = z. Suppose y - z = -2*y. Suppose -3*p = 3*n - 43 + 4, 2*n - 4*p + y = 0. What is the units digit of n?
8
Let o(z) = z**3 + 2*z**2 + z + 62. Let a be o(0). Suppose 12*n - a - 442 = 0. What is the units digit of n?
2
Let t(n) = -6*n + 2. Let d be t(-1). Suppose 3 + d = y. Suppose y = i - 13. What is the units digit of i?
4
Let p(n) = n**3 - n**2 - n + 1. Let i(v) = -v**3 - 3*v**2 + 3*v + 2. Let w(t) = i(t) + 2*p(t). Let r be (2 + -7 + 1)*3/(-2). What is the tens digit of w(r)?
4
What is the hundreds digit of 23940/13 + (-168)/(-364)?
8
What is the units digit of ((-840)/(-12))/((-2)/(-15))?
5
Let j(p) = 4*p + 5*p**2 - 2*p - p - 2*p**2 - 7. Let t(l) = -l**3 - 7*l**2 - 8*l - 7. Let n be t(-6). What is the units digit of j(n)?
3
Suppose -4*i + 5*p = -167, -5*i - 2*p = -38 - 212. Suppose -i = 4*v - 3*v. What is the units digit of ((-4)/12)/(2/v)?
8
Let c = -4 + 64. What is the units digit of ((-6)/(-2) - 4) + c + -3?
6
What is the thousands digit of 230/30*366 + 2?
2
Let o = 2 - -1. Suppose -o*l = l + 40. Let c = 22 + l. What is the units digit of c?
2
What is the hundreds digit of (4*165 - -3) + (-15 - -16)?
6
Let h = -67 - -158. Suppose 3*b = 3 + 3, -h = -s + 5*b. What is the tens digit of s?
0
Suppose 2*u + 5*f = -935, -3*u + 5*f = 324 + 1066. Let v = -274 - u. What is the hundreds digit of v?
1
Suppose -2*l = -3*l + 9. Suppose 6*b = 3*b - 81. What is the units digit of 6/b - (-209)/l?
3
Suppose x - 146 = 138. Suppose -8*p + 6*p = -x. What is the tens digit of